 -3ba8 - 2?
-3baa
In base 8, what is -130 - 247555?
-247705
In base 13, what is -1b + -3795?
-37b3
In base 8, what is -246 + 45425?
45157
In base 8, what is -111237 - -42?
-111175
In base 6, what is -455 - 15424?
-20323
In base 7, what is -65563 + -6?
-65602
In base 5, what is 1033021 - 4?
1033012
In base 12, what is -3 + 1b9176?
1b9173
In base 15, what is -3 + -1c8cd3?
-1c8cd6
In base 5, what is -1013 - 1204031?
-1210044
In base 4, what is -12122012 - 2?
-12122020
In base 10, what is 226411 - 1?
226410
In base 15, what is -d + 2e4a?
2e3c
In base 10, what is -9 + 279738?
279729
In base 16, what is 1bef0 + 4?
1bef4
In base 3, what is 10122200110 + 1?
10122200111
In base 3, what is -1120020120 - 100022?
-1120120212
In base 2, what is -100 - -1110000010001100?
1110000010001000
In base 12, what is -3 - 948?
-94b
In base 12, what is 284 - 26?
25a
In base 5, what is 10140 - -1?
10141
In base 13, what is -6066 + -6?
-606c
In base 10, what is 43 - 4555?
-4512
In base 13, what is -12bb - 11?
-12cc
In base 10, what is -5 + -5311?
-5316
In base 2, what is -100 + -10001100011?
-10001100111
In base 9, what is -3 - 561023?
-561026
In base 6, what is -11 + 124410?
124355
In base 15, what is -5d + 71?
13
In base 8, what is 223 - 16205?
-15762
In base 16, what is 3 - 41bf?
-41bc
In base 5, what is -140 - 1111?
-1301
In base 5, what is 313 + -32340?
-32022
In base 3, what is 11 - 10212020001?
-10212012220
In base 12, what is -90 + 579?
4a9
In base 2, what is 1111111010110100 + 100?
1111111010111000
In base 2, what is 111110111 - -10100111111?
11100110110
In base 15, what is -91 + 3092?
3001
In base 6, what is -23 - 4141?
-4204
In base 13, what is -a642 - a?
-a64c
In base 10, what is -5 + -140576?
-140581
In base 7, what is 2 - 44242?
-44240
In base 15, what is 2c - 1115?
-10d8
In base 2, what is 1111000 - 1011100011?
-1001101011
In base 2, what is 10001 - -10100000000?
10100010001
In base 4, what is 230 - -1102?
1332
In base 4, what is -1310230 - -2002?
-1302222
In base 5, what is -1243313 + -14?
-1243332
In base 7, what is -6210305 + -5?
-6210313
In base 15, what is 4 + a3e2?
a3e6
In base 7, what is 544 + -251?
263
In base 4, what is 110033120 + -2?
110033112
In base 8, what is 0 - -232205?
232205
In base 11, what is -74556 + -38?
-74593
In base 10, what is -6783 - -3?
-6780
In base 5, what is -43124204 - -2?
-43124202
In base 16, what is 3 - 31ad3?
-31ad0
In base 15, what is 7c373 - 0?
7c373
In base 16, what is 5a + 2f?
89
In base 9, what is -18 - -1073?
1054
In base 9, what is -4 + 31040?
31035
In base 5, what is 3 + -1004123?
-1004120
In base 15, what is 16e + 6a?
1d9
In base 14, what is -1d + 10a3?
1084
In base 11, what is -374 + -340?
-704
In base 4, what is 130131003 - 23?
130130320
In base 16, what is -5 + 2b478?
2b473
In base 6, what is 154403541 - 5?
154403532
In base 8, what is 7742 + 3?
7745
In base 8, what is -156 + 761?
603
In base 4, what is -3103310 - 10020?
-3113330
In base 6, what is 2 + 302344?
302350
In base 15, what is -2206 - 13?
-2219
In base 16, what is 8 - -3001?
3009
In base 11, what is 347a9a + 3?
347aa2
In base 4, what is 1 - -101133300?
101133301
In base 6, what is -23324515 + -1?
-23324520
In base 2, what is 100110111111111111 + 101?
100111000000000100
In base 15, what is 3 + 868?
86b
In base 9, what is -1272 + 57?
-1214
In base 3, what is -120 + 11112011020?
11112010200
In base 14, what is -4 - -200d5?
200d1
In base 15, what is 2 - -3ded?
3e00
In base 3, what is 221202002 + -2?
221202000
In base 7, what is -2121 + -1206?
-3330
In base 3, what is 1100202220 + 111?
1100210101
In base 5, what is -10213 + 300?
-4413
In base 15, what is -1d0 - -29c?
bc
In base 13, what is 29475 - 3?
29472
In base 16, what is -1654 - -3f?
-1615
In base 7, what is -511 - -355?
-123
In base 13, what is -1346 + -b2?
-1428
In base 10, what is 55 - 644?
-589
In base 10, what is -198 + -18?
-216
In base 12, what is 11 - 7845?
-7834
In base 14, what is -a - 37?
-43
In base 11, what is -1636 - -23?
-1613
In base 14, what is 6bb3 - 1?
6bb2
In base 4, what is -13 + 2000011230?
2000011211
In base 6, what is 4425 + -35?
4350
In base 5, what is 10 + -443332?
-443322
In base 12, what is -4b2 - 623?
-b15
In base 6, what is -34154 + -10?
-34204
In base 14, what is -236 - 1183?
-13b9
In base 13, what is 372 + 6?
378
In base 11, what is 6734 - 8?
6727
In base 10, what is 6854 - -20?
6874
In base 5, what is -3 - -221240402?
221240344
In base 7, what is -652 + -40202?
-41154
In base 15, what is -28036 + 1?
-28035
In base 15, what is -69c + -12?
-6ae
In base 2, what is 1110111111011 - 0?
1110111111011
In base 9, what is 37 + -70?
-32
In base 4, what is 0 + -1002230232?
-1002230232
In base 3, what is 100011211022 - 10?
100011211012
In base 3, what is 1111021110210 + -11?
1111021110122
In base 2, what is -10111101001001111101000 - -1?
-10111101001001111100111
In base 12, what is -9 - 736?
-743
In base 3, what is 120110 - 21011112?
-20121002
In base 11, what is -4 - a1475?
-a1479
In base 9, what is -4 - 20200?
-20204
In base 7, what is -1103 + 123?
-650
In base 12, what is -33 - -3484?
3451
In base 13, what is c88 + a5a?
1a15
In base 7, what is -26 - -60400?
60341
In base 9, what is -38884 - -4?
-38880
In base 16, what is -31396 - 5?
-3139b
In base 5, what is 10 - -20414304?
20414314
In base 3, what is 20122120 + 111?
20200001
In base 5, what is -10 + 133220?
133210
In base 13, what is 3a82 - 6?
3a79
In base 16, what is -19e3 - -4e?
-1995
In base 12, what is -44b830 + -3?
-44b833
In base 10, what is 617 - 217?
400
In base 16, what is -3a5d + 1?
-3a5c
In base 15, what is 28 - -1ad?
1d6
In base 15, what is -3db2 - -4?
-3dad
In base 4, what is -11001 - 210010?
-221011
In base 10, what is -35647 + 13?
-35634
In base 16, what is -4 - 525b?
-525f
In base 13, what is -10a52 - 4?
-10a56
In base 15, what is -34 - -65cc?
6598
In base 12, what is 49 - -579a?
5827
In base 14, what is 36 + 655?
68b
In base 3, what is 1010200 + -122020?
111110
In base 4, what is -2031 - -102?
-1323
In base 6, what is -5 + -313301?
-313310
In base 8, what is 32527 + -111?
32416
In base 5, what is 4141 - -20410?
30101
In base 13, what is -2c6 + -2c?
-325
In base 13, what is 51544 + -1?
51543
In base 10, what is -4 + -2770?
-2774
In base 3, what is -11111100 + 11102?
-11022221
In base 11, what is -24 - 162a1?
-16315
In base 16, what is 12 + -18f7?
-18e5
In base 4, what is 2003332112 - 3?
2003332103
In base 6, what is -212103313 - -5?
-212103304
In base 16, what is 47 + 727?
76e
In base 5, what is 44433 + 41?
100024
In base 3, what is -1010000112022 + 2?
-1010000112020
In base 2, what is 100000001 + -1111011011111?
-1110111011110
In base 4, what is -11 - 23321301?
-23321312
In base 8, what is 1536767 - 0?
1536767
In base 12, what is 2 + 1628?
162a
In base 2, what is 100 - -10001010110011100110?
10001010110011101010
In base 9, what is -1 - 740463?
-740464
In base 16, what is -1e2 + -2bb?
-49d
In base 16, what is -1 - -73aa?
73a9
In base 16, what is 59b7 + 4?
59bb
In base 5, what is 241 + -314324?
-314033
In base 11, what is -1803a - 0?
-1803a
In base 5, what is -2214 - -24213?
21444
In base 3, what is -210 + 110200?
102220
In base 13, what is ca2a + 8?
ca35
In base 5, what is -24003103 + 0?
-24003103
In base 16, what is 15b + -9?
152
In base 2, what is -10011111 + 10111110?
11111
In base 4, what is 20012 + 112?
20130
In base 2, what is -101 + -10101000001?
-10101000110
In base 10, what is 96106 + -2?
96104
In base 8, what is 31401 + 1?
31402
In base 15, what is ac12 - 0?
ac12
In base 2, what is -11 + -1001100110111110101?
-1001100110111111000
In base 16, what is -426 + 29?
-3fd
In base 6, what is 2 - 231430?
-231424
In base 6, what is 1151555 + 2?
1152001
In base 11, what is 242226 - 4?
242222
In base 16, what is -4 - -1163?
115f
In base 2, what is 101 + 110010000?
110010101
In base 5, what is -43124331 - 4?
-43124340
In base 10, what is -50 + 1120?
1070
In base 8, what is 466 + -41?
425
In base 13, what is -12 - a584?
-a596
In base 12, what is 997 - -28?
a03
In base 9, what is 1 - 11223?
-11222
In base 7, what is -3 - -2212206?
2212203
In base 8, what is -2 - 502523?
-502525
In base 7, what is 2233630 + 3?
2233633
In base 9, what is -12332 - 15?
-12347
In base 14, what is 496 - -2?
498
In base 5, what is -